{"id":73,"date":"2019-09-26T20:56:42","date_gmt":"2019-09-26T20:56:42","guid":{"rendered":"https:\/\/sahajayogatoscana.it\/?page_id=73"},"modified":"2019-10-15T22:14:28","modified_gmt":"2019-10-15T20:14:28","slug":"consapevolezza-senza-pensieri","status":"publish","type":"page","link":"https:\/\/sahajayogatoscana.it\/index.php\/consapevolezza-senza-pensieri\/","title":{"rendered":"Consapevolezza senza pensieri"},"content":{"rendered":"\n<figure class=\"wp-block-image alignwide\"><img decoding=\"async\" loading=\"lazy\" width=\"800\" height=\"300\" src=\"https:\/\/sahajayogatoscana.it\/wp-content\/uploads\/2019\/10\/0040.gif\" alt=\"\" class=\"wp-image-796\"\/><\/figure>\n\n\n\n<p>Con una regolare pratica di meditazione, la mente progressivamente \nentra facilmente in consapevolezza senza pensieri. L\u2019attenzione diventa \ncome un lago senza increspature e una profonda pace interiore comincia \nad albeggiare sulla nostra coscienza.<\/p>\n\n\n\n<p>Quando non ci sono increspature sulle acque di un lago, la sua \nsuperficie diventa quasi invisibile in quanto riflette la bellezza del \npaesaggio. Allo stesso modo, la mente riflette ancora la bellezza della \ncreazione e si scioglie nella beatitudine e nella pace del divino. La \nnostra crescita in Sahaja Yoga ci eleva a questo livello di coscienza.<\/p>\n\n\n\n<p>Le scritture indiane descrivono i seguenti quattro stati di coscienza umana:<\/p>\n\n\n\n<ul><li>Jagruti: lo stato di risveglio della coscienza<\/li><li>Swapna: lo stato sognante<\/li><li>Sushupti: lo stato di sonno profondo in cui la mente, l\u2019ego e il Superego sono ancora coscienti<\/li><li>Turya: lo stato di consapevolezza senza pensieri<\/li><\/ul>\n\n\n\n<p>I primi tre stati di coscienza sono comunemente conosciuti nella nostra vita quotidiana.<\/p>\n\n\n\n<p>Il quarto \u00e8 lo stato di consapevolezza senza pensieri o nirvichara \nsamadhi. Questo \u00e8 lo stato in cui il processo di costante produzione di \npensieri nella mente giunge al termine. In un primo momento compare una \nminima interruzione tra i pensieri.<\/p>\n\n\n\n<p>Nello stato di consapevolezza senza pensieri siamo totalmente nel \nmomento presente, senza perdere momenti preziosi della vita a pensare al\n tempo ormai passato o ancora da venire. Si comincia a gioire del nostro\n s\u00e9, del nostro spirito, della nostra bellezza interiore e della \nbellezza della creazione. Si comincia a gioire dell\u2019esistenza. Siamo in \ngrado di gioire del canto degli uccelli e del profumo dei fiori ad un \nlivello molto pi\u00f9 profondo perch\u00e9 non siamo pi\u00f9 bombardati dall\u2019inutile \nchiacchiericcio che assale la nostra consapevolezza e contamina l\u2019 \nattenzione distraendoci dalle semplici gioie dell\u2019 esistenza.<\/p>\n","protected":false},"excerpt":{"rendered":"<p>Con una regolare pratica di meditazione, la mente progressivamente entra facilmente in consapevolezza senza pensieri. L\u2019attenzione diventa come un lago senza increspature e una profonda pace interiore comincia ad albeggiare sulla nostra coscienza. Quando non ci sono increspature sulle acque di un lago, la sua superficie diventa quasi invisibile in quanto riflette la bellezza del [&hellip;]<\/p>\n","protected":false},"author":1,"featured_media":0,"parent":0,"menu_order":0,"comment_status":"closed","ping_status":"closed","template":"","meta":{"footnotes":""},"publishpress_future_action":{"enabled":false,"date":"1970-01-01 01:00:00","action":"","terms":[],"taxonomy":"","browser_timezone_offset":0},"_links":{"self":[{"href":"https:\/\/sahajayogatoscana.it\/index.php\/wp-json\/wp\/v2\/pages\/73"}],"collection":[{"href":"https:\/\/sahajayogatoscana.it\/index.php\/wp-json\/wp\/v2\/pages"}],"about":[{"href":"https:\/\/sahajayogatoscana.it\/index.php\/wp-json\/wp\/v2\/types\/page"}],"author":[{"embeddable":true,"href":"https:\/\/sahajayogatoscana.it\/index.php\/wp-json\/wp\/v2\/users\/1"}],"replies":[{"embeddable":true,"href":"https:\/\/sahajayogatoscana.it\/index.php\/wp-json\/wp\/v2\/comments?post=73"}],"version-history":[{"count":3,"href":"https:\/\/sahajayogatoscana.it\/index.php\/wp-json\/wp\/v2\/pages\/73\/revisions"}],"predecessor-version":[{"id":797,"href":"https:\/\/sahajayogatoscana.it\/index.php\/wp-json\/wp\/v2\/pages\/73\/revisions\/797"}],"wp:attachment":[{"href":"https:\/\/sahajayogatoscana.it\/index.php\/wp-json\/wp\/v2\/media?parent=73"}],"curies":[{"name":"wp","href":"https:\/\/api.w.org\/{rel}","templated":true}]}}