{"id":180,"date":"2019-09-27T21:27:59","date_gmt":"2019-09-27T19:27:59","guid":{"rendered":"https:\/\/sahajayogatoscana.it\/?page_id=180"},"modified":"2019-10-14T14:16:55","modified_gmt":"2019-10-14T12:16:55","slug":"10-motivi-per-praticare-sahaja-yoga","status":"publish","type":"page","link":"https:\/\/sahajayogatoscana.it\/index.php\/10-motivi-per-praticare-sahaja-yoga\/","title":{"rendered":"10 motivi per praticare Sahaja Yoga"},"content":{"rendered":"\n<figure class=\"wp-block-image alignwide\"><img decoding=\"async\" loading=\"lazy\" width=\"800\" height=\"300\" src=\"https:\/\/sahajayogatoscana.it\/wp-content\/uploads\/2019\/10\/header_0002.gif\" alt=\"\" class=\"wp-image-752\"\/><\/figure>\n\n\n\n<p>Nel panorama ormai saturo delle discipline spirituali e delle varie forme di ricerca di benessere, Sahaja Yoga si contraddistingue per la sua semplicit\u00e0 ed efficacia.<\/p>\n\n\n\n<h4 class=\"wp-block-heading\" style=\"text-align:left\">E&#8217; semplice e intuitivo<\/h4>\n\n\n\n<p>Non \u00e8 necessario viver anni da asceta sulle montagne per raggiungere l`illuminazione. Non bisogna rinunciare a nulla. Non si deve vestire in modo particolare o praticare tecniche difficili. La meditazione arriva semplicemente, spontaneamente. Le lezioni sono facili e divertenti e nel momento in cui dedicherete 10 minuti al giorno di meditazione sarete capaci di raggiungere un profondo e regolare stato di meditazione.<\/p>\n\n\n\n<h4 class=\"wp-block-heading\" style=\"text-align:left\"><strong>\u00c8 gratuito<\/strong><\/h4>\n\n\n\n<p>Non bisogna pagare per la meditazione. Non ci sono spese nascoste. Se perdete una lezione una settimana non \u00e8 importante e le recupererete non appena potete. \u00c8 semplicemente la generosit\u00e0 di spirito di chi pratica Sahaja Yoga che permette la diffusione gratuita.<\/p>\n\n\n\n<h4 class=\"wp-block-heading\" style=\"text-align:left\"><strong>Puoi verificare i risultati<\/strong><\/h4>\n\n\n\n<p>Vi sentirete rilassati in un profondo stato di calma. Ora potrete sentire anche i vostri chakra o centri di energia e le loro vibrazioni attraverso le tecniche imparate e migliorare la vostra salute nel caso non vi sentiate bene.<\/p>\n\n\n\n<h4 class=\"wp-block-heading\" style=\"text-align:left\"><strong>All-inclusive<\/strong><\/h4>\n\n\n\n<p>L`essenza di tutte le religioni in Sahaja Yoga sono riconosciute e rispettate. Nessun viaggio di ricerca spirituale \u00e8 giusto o sbagliato e attraverso la meditazione, la saggezza di tutti I grandi guru e santi vengono facilmente capiti. Infatti realizzerete che e apprezzerete la profondit\u00e0 degli insegnamenti di grandi maestri come Lao Tse, Buddha, Maometto.<\/p>\n\n\n\n<h4 class=\"wp-block-heading\" style=\"text-align:left\"><strong>Sarete i maestri di voi stessi<\/strong><\/h4>\n\n\n\n<p>Mediterete e farete introspezione secondo la vostra sensibilit\u00e0 e non subirete pressioni a fare cose che non sentirete di fare. Siete il vostro proprio insegnante e maestro. Questa tecnica di meditazione vi rende pi\u00f9 forti e vi rende abili ad aiutare gli altri. Naturalmente potrete usufruire dei molti consigli che i praticanti pi\u00f9 esperti vi potranno dare; consigli sulla meditazione e le varie tecniche.<\/p>\n\n\n\n<h4 class=\"wp-block-heading\" style=\"text-align:left\"><strong>\u00c8 ovunque<\/strong><\/h4>\n\n\n\n<p>Sahaja Yoga \u00e8 praticato in quasi tutti i paesi del mondo. Quindi dovunque viaggiate troverete un centro di meditazione Sahaja Yoga . Ovunque vi troviate ptrete contattare praticanti locali e gioire con loro della meditazione collettiva che \u00e8 pi\u00f9 potente di quella individuale<\/p>\n\n\n\n<h4 class=\"wp-block-heading\"><strong>\u00c8 sempre con te<\/strong><\/h4>\n\n\n\n<p>Non hai bisogno di portare niente con te quando mediti, niente tappetini o speciali vestiti. Potete meditare ovunque; in una stanza tranquilla come in un autobus o una spiaggia affollata. La consapevolezza senza pensieri in cui consiste il frutto della meditazione si ottiene meditando giornalmente in ogni condizione.<\/p>\n\n\n\n<h4 class=\"wp-block-heading\"><strong>\u00c8 intuitivo<\/strong><\/h4>\n\n\n\n<p>Ogni cosa voi imparerete avr\u00e0 senso. C`\u00e8 molo buon senso in questa meditazione e anche se molte cose vi erano sconosciute come i chakra e le loro qualit\u00e0, l\u2019apprendimento e la comprensione sar\u00e0 sempre molto naturale e semplice.<\/p>\n\n\n\n<h4 class=\"wp-block-heading\"><strong>\u00c8 per tutti<\/strong><\/h4>\n\n\n\n<p>Quando venite a far parte di un nuovo gruppo spesso vi accorgerete che c`\u00e8 un tipo particolare di persone che ne fa parte. Per esempio, un certo tipo di gruppo atrarr\u00e0 I giovani piuttosto che gli anziani ecc\u2026 In Sahaja Yoga troverete persone provenienti da qualsiasi esperienza, estrazione sociale ed et\u00e0, con vari interessi e credi. Non \u00e8 necessario essere un particolare tipo di persone per fare questa meditazione. Sahaja Yoga \u00e8 per tutti.<\/p>\n\n\n\n<h4 class=\"wp-block-heading\"><strong>Vi sentirete bene<\/strong><\/h4>\n\n\n\n<p>Sar\u00e0 automatico che alla fine di ogni meditazione vi sentirete meglio e anche la vostra famiglia e i vostri amici ne trarranno vantaggio.<\/p>\n","protected":false},"excerpt":{"rendered":"<p>Nel panorama ormai saturo delle discipline spirituali e delle varie forme di ricerca di benessere, Sahaja Yoga si contraddistingue per la sua semplicit\u00e0 ed efficacia. E&#8217; semplice e intuitivo Non \u00e8 necessario viver anni da asceta sulle montagne per raggiungere l`illuminazione. Non bisogna rinunciare a nulla. Non si deve vestire in modo particolare o praticare [&hellip;]<\/p>\n","protected":false},"author":1,"featured_media":0,"parent":0,"menu_order":0,"comment_status":"closed","ping_status":"closed","template":"","meta":{"footnotes":""},"publishpress_future_action":{"enabled":false,"date":"1970-01-01 01:00:00","action":"","terms":[],"taxonomy":"","browser_timezone_offset":0},"_links":{"self":[{"href":"https:\/\/sahajayogatoscana.it\/index.php\/wp-json\/wp\/v2\/pages\/180"}],"collection":[{"href":"https:\/\/sahajayogatoscana.it\/index.php\/wp-json\/wp\/v2\/pages"}],"about":[{"href":"https:\/\/sahajayogatoscana.it\/index.php\/wp-json\/wp\/v2\/types\/page"}],"author":[{"embeddable":true,"href":"https:\/\/sahajayogatoscana.it\/index.php\/wp-json\/wp\/v2\/users\/1"}],"replies":[{"embeddable":true,"href":"https:\/\/sahajayogatoscana.it\/index.php\/wp-json\/wp\/v2\/comments?post=180"}],"version-history":[{"count":23,"href":"https:\/\/sahajayogatoscana.it\/index.php\/wp-json\/wp\/v2\/pages\/180\/revisions"}],"predecessor-version":[{"id":753,"href":"https:\/\/sahajayogatoscana.it\/index.php\/wp-json\/wp\/v2\/pages\/180\/revisions\/753"}],"wp:attachment":[{"href":"https:\/\/sahajayogatoscana.it\/index.php\/wp-json\/wp\/v2\/media?parent=180"}],"curies":[{"name":"wp","href":"https:\/\/api.w.org\/{rel}","templated":true}]}}